hat is -14 + 35612124?
35612110
In base 5, what is 2 + 302013411422?
302013411424
In base 8, what is 74 + -26475754?
-26475660
In base 3, what is 10 + -111001221100?
-111001221020
In base 4, what is 21 - -122011221?
122011302
In base 12, what is -1a22 + 6ba?
-1324
In base 11, what is 3 + -165a2aa?
-165a2a7
In base 6, what is -3431 + -142531?
-150402
In base 9, what is 355372 + 27?
355410
In base 11, what is 26 + -301102?
-301087
In base 13, what is -315 - 9448?
-9760
In base 14, what is -8a - -796?
70a
In base 15, what is -7a7608b - 3?
-7a7608e
In base 13, what is 40 - 3999069?
-3999029
In base 11, what is -68 - -7a42?
7985
In base 13, what is 2 - 238492?
-238490
In base 8, what is -3 - -657006?
657003
In base 9, what is -17 - -1330617?
1330600
In base 8, what is -1204171 + 176?
-1203773
In base 13, what is 1503853 + -1b?
1503835
In base 9, what is -225 + 3270?
3044
In base 12, what is -3ba - -7153a?
71140
In base 8, what is -1442627 + -543?
-1443372
In base 4, what is -21220 + 1222202211?
1222120331
In base 16, what is 56a3 + 6d?
5710
In base 14, what is -3 - -2312d71?
2312d6c
In base 12, what is 10127 + -231a?
9a09
In base 8, what is 33233 + 664?
34117
In base 7, what is -224541012 + 11?
-224541001
In base 12, what is 107 - 628a54?
-628949
In base 13, what is 1bb33b5 + -32?
1bb3383
In base 4, what is -22111312011 + 13?
-22111311332
In base 7, what is -4 + 61050?
61043
In base 12, what is 58b880 + 21?
58b8a1
In base 6, what is 53 - -4105?
4202
In base 4, what is -1302101002 - -3210?
-1302031132
In base 7, what is 11 + 31010320?
31010331
In base 8, what is -3 - -5232302?
5232277
In base 5, what is 122 + -4014110010?
-4014104333
In base 6, what is 103045141 + 35?
103045220
In base 6, what is 2335141 - -32234?
2411415
In base 9, what is 111554 - -10?
111564
In base 14, what is 9ca + 615?
1201
In base 3, what is 1002210220010 + 211?
1002210220221
In base 4, what is 3323200 + -2032231?
1230303
In base 9, what is 5 + -4748188?
-4748183
In base 7, what is 4022020125 + -6?
4022020116
In base 16, what is 404c31 - 0?
404c31
In base 9, what is -25746 + 721?
-25025
In base 16, what is -11 - 1d056?
-1d067
In base 12, what is -25a74ab0 + 1?
-25a74aab
In base 4, what is -20 - 220001032?
-220001112
In base 2, what is -101 - 101000101100010111111101001?
-101000101100010111111101110
In base 3, what is 101012022 - 20100000?
10212022
In base 14, what is -263 + 2c98?
2a35
In base 4, what is 130013103310 + 10?
130013103320
In base 3, what is 212110000121001 + -12?
212110000120212
In base 12, what is -b774 + -70?
-b824
In base 10, what is 50491362 - 2?
50491360
In base 10, what is 255 + 35756?
36011
In base 11, what is aa151 - 7?
aa145
In base 12, what is 36a9a55 + -55?
36a9a00
In base 16, what is 4570c90 + -3?
4570c8d
In base 12, what is 208 + 18859?
18a65
In base 4, what is 0 + 12003102001?
12003102001
In base 9, what is 1446312 + 231?
1446543
In base 8, what is 75710 + 1711?
77621
In base 5, what is -1140142032 + -32?
-1140142114
In base 11, what is 8 + 6102180?
6102188
In base 12, what is -54 + -396992a?
-3969982
In base 14, what is 3 + 389764d?
3897652
In base 4, what is 203 + 102221122?
102221331
In base 12, what is -4 - 12210914?
-12210918
In base 11, what is 1596 + -2472?
-987
In base 5, what is 2032141141 + 431?
2032142122
In base 8, what is 143473200 - 2?
143473176
In base 10, what is 0 + 5306226?
5306226
In base 16, what is 3abb + -52?
3a69
In base 9, what is 4457864 + -60?
4457804
In base 12, what is -4641 - 8284?
-10905
In base 7, what is 602562224 + -1?
602562223
In base 8, what is 1 + 250071452?
250071453
In base 6, what is -455314545 - -1?
-455314544
In base 11, what is -3852a4 + 54?
-385250
In base 14, what is -677151 - 21?
-677172
In base 16, what is f3 + -eeb59?
-eea66
In base 5, what is -12231 - -10412?
-1314
In base 9, what is 5 + -115070132?
-115070126
In base 7, what is 14 - -111434646?
111434663
In base 13, what is 510 - -2a6506?
2a6a16
In base 6, what is -415 - -113035225?
113034410
In base 7, what is -40401223 - -1?
-40401222
In base 5, what is 1013324340 - 43?
1013324242
In base 7, what is -302400 + -2260?
-304660
In base 10, what is -1351 - 474991?
-476342
In base 9, what is -57573 + 1204?
-56368
In base 10, what is -189 - -30089?
29900
In base 8, what is 2 + -117465515?
-117465513
In base 9, what is 60277732 - 18?
60277713
In base 10, what is 378519 - -5?
378524
In base 5, what is 222203 - -23240?
300443
In base 13, what is 1b + -683c?
-6821
In base 15, what is 12 + 6cd91?
6cda3
In base 13, what is -3b896a2c4 - -2?
-3b896a2c2
In base 14, what is -42b25 - b0?
-42bd5
In base 12, what is -1a0b2 + -47?
-1a139
In base 16, what is -e5f9 + 4b12?
-9ae7
In base 3, what is 112110020000 - 2202?
112110010021
In base 10, what is 61075426 - 6?
61075420
In base 13, what is 131 + 491c9?
4932a
In base 15, what is -6d9dd + 6ea?
-6d2e3
In base 16, what is -2e9071f + -c?
-2e9072b
In base 16, what is -1a73c8 + -13?
-1a73db
In base 14, what is 2693 - 27ada?
-25447
In base 14, what is -d17b01 - -1?
-d17b00
In base 11, what is -177020 + -89?
-1770a9
In base 16, what is -fc + 3f86e?
3f772
In base 10, what is 158 - -77172?
77330
In base 6, what is 153 + 1051015?
1051212
In base 15, what is -5 - 749093?
-749098
In base 6, what is 0 - -524311341?
524311341
In base 12, what is 3 + b6992ba?
b699301
In base 2, what is 110101111 + 11010000101010111?
11010001100000110
In base 14, what is 3c - b4415?
-b43b7
In base 15, what is -66432e - de?
-66441d
In base 14, what is -1bd - -29d3?
2814
In base 12, what is 2222654 + -80?
2222594
In base 2, what is 100001100011011111101101100 + -100?
100001100011011111101101000
In base 2, what is 101 - 100000101111011100011?
-100000101111011011110
In base 11, what is -4 - 28992628?
-28992631
In base 13, what is -10 + -32750b?
-32751b
In base 11, what is -348286 - 13?
-348299
In base 8, what is 32 + -12725730?
-12725676
In base 5, what is -10 + 24000234434?
24000234424
In base 3, what is -10012212 - 100002211?
-110022200
In base 7, what is -4 + -34046352?
-34046356
In base 9, what is 754103 + -7?
754085
In base 16, what is 5e54 - 129?
5d2b
In base 9, what is -18823244 + -38?
-18823283
In base 10, what is 204782 - 1224?
203558
In base 4, what is 20333120220220 - 10?
20333120220210
In base 3, what is 12011222021210 + 121?
12011222022101
In base 11, what is -865594 - -1a?
-865575
In base 11, what is -3817a + -5428?
-425a7
In base 5, what is -122213443 - -100?
-122213343
In base 3, what is 2 - 21012000200121022?
-21012000200121020
In base 4, what is -13032010123 - -30?
-13032010033
In base 5, what is 220034 - 13010?
202024
In base 14, what is 134 - 53b1?
-527b
In base 16, what is 7d90f + 0?
7d90f
In base 5, what is 2 - -3311323403?
3311323410
In base 15, what is -9bb855 + 5?
-9bb850
In base 7, what is 4536 + 65043?
102612
In base 9, what is -188 + 8503142?
8502843
In base 6, what is 2140 - -123302?
125442
In base 2, what is -10000111111100111100011 - 101?
-10000111111100111101000
In base 11, what is 4289662 - 2?
4289660
In base 2, what is 100100101001111011 - -100?
100100101001111111
In base 6, what is -114041 + -113435?
-231520
In base 2, what is 1000111001001111010111 + 101?
1000111001001111011100
In base 12, what is 4 + -a11288b?
-a112887
In base 5, what is 2204314413 + 2?
2204314420
In base 10, what is 48 + 1546838?
1546886
In base 5, what is 110131 + -322220?
-212034
In base 4, what is -1112132231332013 - 0?
-1112132231332013
In base 13, what is 7ac58 - b2?
7ab76
In base 6, what is 1151 + -3233534?
-3232343
In base 15, what is -19e2286 - -2?
-19e2284
In base 9, what is 1807358 + 155?
1807524
In base 3, what is -12100 - -2202220100?
2202201000
In base 15, what is 64ae + -2218?
4296
In base 13, what is 1c30 - 4a61?
-2b31
In base 9, what is 3 + -21208866?
-21208863
In base 14, what is 60c - -42c?
a3a
In base 11, what is -11708 - -28669?
16a61
In base 10, what is -238008605 - -5?
-238008600
In base 9, what is -1412 - 25287?
-26710
In base 11, what is 10044 - -328?
10371
In base 12, what is -23818659 - 0?
-23818659
In base 10, what is -6 - 19958047?
-19958053
In base 15, what is 71 - -3a7019?
3a708a
In base 9, what is -4 + 48882376?
48882372
In base 7, what is 1630311602 - 5?
1630311564
In base 9, what is 2 + -14268421?
-14268418
In base